r of 69486417?
True
Does 27 divide 584812620?
False
Is 28084836 a multiple of 156?
True
Is 1310 a factor of 70981004?
False
Does 441 divide 507047652?
False
Is 556 a factor of 101592927?
False
Does 85 divide 403439750?
True
Is 70 a factor of 44664158?
False
Does 13 divide 176344180?
False
Is 150 a factor of 706053771?
False
Is 4289 a factor of 45763630?
True
Is 803259676 a multiple of 436?
False
Is 300786108 a multiple of 12?
True
Does 54 divide 1006190827?
False
Is 14 a factor of 14284335?
False
Does 35 divide 14653940?
True
Is 87679053 a multiple of 25?
False
Does 780 divide 6069271?
False
Is 40707304 a multiple of 346?
False
Is 255 a factor of 67955970?
True
Is 31 a factor of 9478591?
True
Is 1038 a factor of 2133666090?
True
Does 111 divide 360704268?
True
Is 73096058 a multiple of 1594?
True
Does 2863 divide 618428270?
False
Is 75 a factor of 55167000?
True
Does 662 divide 335458570?
True
Does 440 divide 74967510?
False
Is 482442521 a multiple of 64?
False
Is 3992709420 a multiple of 1986?
False
Does 99 divide 9488958?
False
Does 540 divide 27903993?
False
Is 71308321 a multiple of 2339?
False
Is 29705432 a multiple of 37?
False
Is 273 a factor of 113292816?
True
Is 23 a factor of 71093851?
True
Is 27 a factor of 1304119626?
False
Does 17 divide 698622685?
False
Does 120 divide 268997040?
True
Is 85044344 a multiple of 11?
True
Is 40498710 a multiple of 434?
True
Is 50 a factor of 50396250?
True
Is 7 a factor of 389634?
True
Does 25 divide 215913131?
False
Does 11 divide 66296493?
False
Does 108 divide 70138440?
True
Is 244486327 a multiple of 1271?
False
Is 341 a factor of 32784408?
False
Does 284 divide 38939588?
False
Does 2202 divide 34282019?
False
Is 97240850 a multiple of 2006?
True
Does 5 divide 65261920?
True
Is 23 a factor of 156522409?
False
Is 145 a factor of 4478815122?
False
Does 47 divide 196195118?
False
Is 327502262 a multiple of 228?
False
Is 14458734 a multiple of 1893?
True
Is 8 a factor of 457849560?
True
Is 3947 a factor of 198124475?
False
Is 408 a factor of 37680840?
True
Does 2519 divide 669826683?
False
Does 499 divide 9408847?
False
Is 3326 a factor of 1178145025?
False
Does 12 divide 23383140?
True
Is 18 a factor of 11490390?
True
Does 656 divide 236175744?
True
Is 38943500 a multiple of 1097?
True
Does 141 divide 2819281205?
False
Does 154 divide 10868076?
False
Does 58 divide 17569427?
False
Does 58 divide 84549790?
True
Is 86 a factor of 284528066?
False
Is 650791648 a multiple of 152?
True
Is 513467818 a multiple of 123?
False
Does 15 divide 99111480?
True
Is 28 a factor of 17936507?
False
Is 750585942 a multiple of 660?
False
Is 669 a factor of 26067585?
True
Is 21 a factor of 109803506?
False
Is 3357613 a multiple of 41?
True
Is 20354881 a multiple of 143?
False
Does 40 divide 66553080?
True
Does 2887 divide 387149587?
True
Is 1985 a factor of 517533170?
True
Is 67416343 a multiple of 938?
False
Does 9 divide 264189105?
True
Does 1247 divide 176045856?
False
Is 177153971 a multiple of 136?
False
Is 609 a factor of 4417686?
True
Does 30 divide 20988210?
True
Is 37468673 a multiple of 334?
False
Is 10178991 a multiple of 1426?
False
Does 1703 divide 1650098621?
False
Is 2193589110 a multiple of 10?
True
Is 457494372 a multiple of 261?
True
Does 34 divide 1576818?
True
Is 18 a factor of 133556670?
True
Is 316685811 a multiple of 495?
False
Is 9277 a factor of 1171536668?
True
Is 462 a factor of 48263754?
True
Does 397 divide 571601791?
True
Is 5765069 a multiple of 31?
False
Is 11 a factor of 1387370?
False
Is 1824 a factor of 28246464?
True
Is 155 a factor of 171128720?
False
Is 153915039 a multiple of 30?
False
Is 28 a factor of 8434240?
False
Does 2725 divide 256150?
True
Does 372 divide 196261186?
False
Is 1568604192 a multiple of 38?
False
Does 2264 divide 81431552?
True
Is 214 a factor of 29494122?
True
Is 26 a factor of 4822636?
True
Is 66467370 a multiple of 30?
True
Is 2820 a factor of 446705348?
False
Is 3157584161 a multiple of 31?
False
Is 35 a factor of 4234222207?
False
Does 12 divide 39717060?
True
Is 33372808 a multiple of 82?
False
Is 6 a factor of 10443287?
False
Is 26310554 a multiple of 70?
False
Does 9 divide 1426666221?
True
Does 1836 divide 261989674?
False
Is 259567865 a multiple of 271?
True
Does 8 divide 101076096?
True
Is 65592721 a multiple of 156?
False
Is 1652545501 a multiple of 7?
False
Is 501 a factor of 54947676?
True
Is 564712920 a multiple of 6668?
True
Is 325370484 a multiple of 431?
False
Is 27993691 a multiple of 20?
False
Is 113 a factor of 24301554?
True
Is 99652434 a multiple of 29?
False
Is 55660354 even?
True
Is 213062080 a multiple of 280?
True
Does 117 divide 440348337?
True
Is 156288849 a multiple of 5799?
True
Is 62665188 a multiple of 9?
False
Is 4030487899 a multiple of 2169?
False
Is 1834339 a multiple of 711?
False
Does 111 divide 210016884?
True
Does 10 divide 6323480?
True
Does 552 divide 29196936?
True
Is 168094350 a multiple of 25?
True
Does 4250 divide 3036956520?
False
Is 228 a factor of 73199856?
True
Does 432 divide 46047559?
False
Is 947 a factor of 8944415?
True
Does 16 divide 126423281?
False
Is 17 a factor of 24985903?
True
Is 56 a factor of 687697472?
True
Is 282311234 a multiple of 984?
False
Is 113646872 a multiple of 8?
True
Does 11034 divide 635871438?
False
Does 3 divide 924998628?
True
Is 18155562 a multiple of 5?
False
Does 74 divide 616890842?
False
Is 74285262 a multiple of 162?
True
Does 53 divide 81129368?
False
Does 182 divide 92423360?
False
Is 148073310 a multiple of 345?
True
Is 56 a factor of 86768696?
True
Is 9 a factor of 24732153?
True
Is 246996376 a multiple of 14?
False
Does 16 divide 214162981?
False
Does 370 divide 2537194340?
True
Does 1169 divide 127548421?
True
Is 1400892225 a multiple of 75?
True
Does 28 divide 14349473?
False
Is 262961175 a multiple of 75?
True
Is 26214037 a multiple of 2?
False
Does 27 divide 563915315?
False
Does 1569 divide 32550474?
True
Is 633480605 a multiple of 1824?
False
Does 50 divide 1042100?
True
Is 25 a factor of 14710927?
False
Does 34 divide 5118260665?
False
Is 1371725164 a multiple of 58?
False
Is 2171345099 a multiple of 24?
False
Is 205 a factor of 199192043?
False
Is 1156 a factor of 26903236?
False
Does 619 divide 577450796?
False
Does 81 divide 271056375?
True
Is 92 a factor of 8748613?
False
Is 1445920 a multiple of 8?
True
Does 14 divide 431937800?
True
Does 14 divide 472810602?
False
Does 5 divide 7979419?
False
Is 213916266 a multiple of 52?
False
Is 23 a factor of 2077774?
True
Is 136 a factor of 1152600?
True
Is 184643103 a multiple of 421?
False
Does 281 divide 202670126?
True
Is 36 a factor of 6142712?
False
Does 774 divide 1469841900?
False
Is 36897484 a multiple of 103?
True
Is 131720214 a multiple of 6?
True
Is 44 a factor of 22555203?
False
Is 7 a factor of 980424830?
True
Is 3948 a factor of 1775150622?
False
Is 65 a factor of 6051695?
True
Does 72 divide 117068060?
False
Is 437186790 a multiple of 765?
True
Is 30 a factor of 28106950?
False
Is 458631664 a multiple of 16?
True
Is 143271184 a multiple of 1988?
True
Is 4214640215 a multiple of 37?
True
Is 20 a factor of 151698423?
False
Is 2396331528 a multiple of 456?
True
Does 378 divide 873659?
False
Is 4229372 a multiple of 17?
False
Is 191085266 a multiple of 293?
False
Is 2588 a factor of 28187515?
False
Is 427921708 a multiple of 97?
True
Does 41 divide 52963636?
True
Does 2375 divide 31185323?
False
Is 101619760 a multiple of 127?
False
Is 13249715 a multiple of 1607?
True
Is 556701984 a multiple of 108?
True
Is 6 a factor of 129183954?
True
Is 93 a factor of 175751400?
True
Is 47666970 a multiple of 90?
True
Does 10 divide 318198778?
False
Is 408209175 a multiple of 75?
True
Does 4 divide 12237113?
False
Is 20 a factor of 49427472?
False
Is 85151673 a multiple of 251?
False
Is 7 a factor of 2194961?
False
Is 2834008 a multiple of 5?
False
Is 1064433 a multiple of 91?
False
Does 154 divide 1406294604?
False
Is 37221008 a multiple of 869?
True
Is 1100182028 a multiple of 1804?
True
Is 6 a factor of 2672598?
True
Is 17319329 a multiple of 11?
False
Is 1837731 a multiple of 28?
False
Does 440 divide 10053301?
False
Is 1604297860 a multiple of 41?
False
Does 313 divide 618712558?
False
Does 1728 divide 596890